9
What is da5a5 (base 14) in base 7?
4326165
223223010031 (base 4) to base 13
24ab019
Convert 335027 (base 9) to base 3.
101012000221
Convert 4183c9 (base 13) to base 2.
101110110000001001101
-112020022212221 (base 3) to base 10
-7564750
11479 (base 12) to base 10
23133
What is 2111222102202 (base 3) in base 10?
1338032
Convert -299366 (base 10) to base 5.
-34034431
2016500 (base 10) to base 3
10210110010012
Convert -2210220011 (base 3) to base 6.
-1104051
-142629 (base 16) to base 4
-11002120221
What is 588675 (base 9) in base 15?
6edce
-1121123 (base 7) to base 15
-2b5b2
355a483 (base 11) to base 7
103521202
10024234 (base 5) to base 11
55077
What is 1211342 (base 6) in base 12?
30b52
What is -234005154 (base 6) in base 10?
-4386814
-109ac4 (base 13) to base 6
-12231020
Convert 426093 (base 12) to base 2.
11111111101011101111
Convert a9416 (base 14) to base 12.
1790a4
1111100101101110 (base 2) to base 8
174556
Convert 30212112 (base 5) to base 9.
407278
What is 90804a (base 11) in base 9?
2664861
What is -2035122 (base 9) in base 2?
-100001001001101100111
-112021210122 (base 3) to base 6
-10010025
What is -4915277 (base 10) in base 4?
-102300001031
101c632 (base 13) to base 15
666b44
1600105 (base 10) to base 5
402200410
Convert 41c0d (base 15) to base 8.
627314
1791 (base 11) to base 7
6433
What is -34d87b (base 16) in base 11?
-1a56027
Convert 1382932 (base 10) to base 9.
2537021
Convert 106375 (base 9) to base 2.
1111100011110110
What is -53554224 (base 7) in base 2?
-10001011011010001111110
What is 2351540 (base 6) in base 2?
11110001010010100
What is -2875bb (base 16) in base 11?
-1551197
What is 439104 (base 11) in base 15?
dc721
Convert -33425351 (base 6) to base 16.
-f7ba3
212100102 (base 4) to base 8
462022
Convert 1491998 (base 12) to base 14.
7a8100
-2120012431 (base 5) to base 15
-5ceb11
-114154556 (base 7) to base 12
-245a802
Convert 1040144034 (base 5) to base 3.
11021102021121
d347 (base 14) to base 2
1000110111100011
-8371 (base 11) to base 6
-123201
-464a56 (base 12) to base 11
-700672
-12a11a3 (base 12) to base 9
-6847756
What is -1323201202 (base 5) in base 15?
-45d037
Convert 13314402 (base 6) to base 2.
1101100110001100010
What is 3053265 (base 8) in base 14?
170993
-2444134 (base 6) to base 5
-13134042
Convert 1111001101000101100 (base 2) to base 4.
1321220230
-77d364 (base 14) to base 5
-2020220103
-2345 (base 13) to base 6
-34542
Convert 2a536 (base 13) to base 14.
21210
569cb6 (base 14) to base 12
ba1408
What is -344412 (base 9) in base 10?
-206642
Convert 11000101001110000001011 (base 2) to base 8.
30516013
What is 13b2531 (base 12) in base 4?
33013331311
-12424214 (base 5) to base 14
-33108
162a98 (base 11) to base 4
331233030
Convert 651e9 (base 16) to base 8.
1450751
What is 101022120102 (base 3) in base 13?
71585
-4b0d0 (base 14) to base 9
-310387
What is -18280 (base 16) in base 10?
-98944
Convert 34101000 (base 6) to base 14.
1ccd96
Convert -20110 (base 11) to base 5.
-1420124
Convert -198d2c (base 14) to base 3.
-1201010200122
Convert -693176 (base 15) to base 4.
-103022022000
1072816 (base 11) to base 9
3471637
What is -10021002121111 (base 3) in base 7?
-20511262
What is -184e6 (base 15) in base 8?
-231625
-270357 (base 10) to base 3
-111201212020
What is -5a769a (base 11) in base 12?
-3a4735
What is 5040663 (base 7) in base 12?
24a210
Convert 473764 (base 9) to base 13.
9c901
Convert 1784841 (base 11) to base 16.
2e1e2f
What is -2255131 (base 6) in base 12?
-574a7
Convert -14a7b6 (base 12) to base 3.
-122210101110
Convert 1504414 (base 7) to base 6.
4205011
4035106 (base 11) to base 8
33163265
What is -2212230032 (base 4) in base 12?
-28b152
-9d472 (base 14) to base 15
-7841a
-221324000 (base 5) to base 2
-11101011011010011010
Convert c799 (base 15) to base 8.
122353
Convert -331340140 (base 5) to base 12.
-5918ab
Convert -368543 (base 9) to base 3.
-102022121110
Convert 121310310210 (base 4) to base 6.
401034220
Convert -4170b13 (base 12) to base 11.
-6a68955
-11111010110110011111 (base 2) to base 10
-1027487
Convert -111001100100110111 (base 2) to base 4.
-321210313
What is -48388 (base 12) in base 5?
-11103204
241974 (base 13) to base 9
1551520
Convert 10111001100001011 (base 2) to base 11.
65402
49a144 (base 12) to base 11
74a16a
Convert 102113320231 (base 4) to base 7.
55640032
What is 101010000100101011000110 (base 2) in base 5?
10310413230
Convert a6279 (base 11) to base 14.
4055a
Convert 122451 (base 8) to base 12.
20575
What is -201140 (base 9) in base 3?
-20001011100
Convert 21011031 (base 4) to base 12.
19639
Convert 12307412 (base 8) to base 13.
7448c3
-535143202 (base 6) to base 2
-100100001011101000110010
-203330310031 (base 4) to base 16
-8fcd0d
65544003 (base 7) to base 6
320315233
What is -12213432 (base 6) in base 7?
-3215450
-1011010111110001111 (base 2) to base 9
-627125
-54256602 (base 7) to base 3
-22201112210020
What is -6bb380 (base 13) in base 6?
-131002523
Convert 1001201011210 (base 3) to base 14.
109d28
1223211212 (base 4) to base 5
103100203
What is -80a0e (base 16) in base 7?
-4323020
Convert -268983 (base 10) to base 7.
-2200131
Convert 61bfc2 (base 16) to base 5.
3114443312
2188131 (base 11) to base 10
3832104
What is 12840 (base 10) in base 15?
3c10
What is -100023221231 (base 4) in base 11?
-2438110
-22103 (base 8) to base 2
-10010001000011
What is 20022011000102 (base 3) in base 10?
3349037
Convert -34354353 (base 6) to base 8.
-4020735
What is -1733294 (base 10) in base 7?
-20506223
What is 3b6a84 (base 15) in base 5?
1212420444
Convert -230213 (base 8) to base 10.
-77963
5842b (base 14) to base 12
a4407
-235686 (base 14) to base 5
-302042120
4026512 (base 7) to base 3
220021021222
What is -9683549 (base 10) in base 2?
-100100111100001001011101
Convert -b4f7 (base 16) to base 5.
-2440302
-12901b (base 14) to base 7
-5302034
Convert -62d82 (base 16) to base 13.
-112387
What is -2201330133 (base 4) in base 14?
-133a47
What is -5235465 (base 7) in base 14?
-125d6c
What is 45141153 (base 7) in base 16?
3ba68a
-6dbed (base 16) to base 8
-1555755
What is 656bd (base 14) in base 10?
245559
What is -3022002 (base 7) in base 11?
-225332
What is -5294057 (base 10) in base 6?
-305245305
What is -3be2d6 (base 15) in base 12?
-b70419
What is 24d0d (base 16) in base 15?
2ea32
What is a2330 (base 13) in base 5?
33244200
Convert 30970 (base 13) to base 12.
42627
20c3cba (base 13) to base 10
10005122
What is -90257a (base 12) in base 16?
-223cae
64a14 (base 12) to base 6
2502424
What is -2619cf (base 16) in base 6?
-125304023
What is 1225212 (base 8) in base 3?
122012102122
What is -a98d0 (base 15) in base 5?
-114213440
What is -1011000111001101 (base 2) in base 16?
-b1cd
What is 86223 (base 11) in base 13?
450b9
303122011 (base 4) to base 3
101200211201
-3143210 (base 5) to base 3
-2200121101
Convert 12101110000201 (base 3) to base 16.
2baed2
Convert -1453ac (base 13) to base 15.
-9c49b
-240222330 (base 5) to base 15
-16b5e5
What is -3aa65 (base 13) in base 3?
-12120002211
Convert 3011130230 (base 4) to base 2.
11000101011100101100
4498079 (base 10) to base 7
53142635
Convert -b99b3 (base 14) to base 2.
-1101101101010101001
Convert -75481 (base 11) to base 16.
-1ac93
-210311130122 (base 4) to base 13
-2001182
5e08ea (base 15) to base 8
21143775
-104110323 (base 5) to base 15
-905e3
32230131 (base 4) to base 11
41248
-1460955 (base 10) to base 16
-164adb
20110111222 (base 3) to base 16
1f0f7
What is -111111010112 (base 3) in base 16?
-40ceb
-112353445 (base 6) to base 4
-13330222211
129645 (base 10) to base 2
11111101001101101
Convert 13788 (base 15) to base 5.
3444303
-493858 (base 10) to base 15
-9b4dd
What is -74b2 (base 14) in base 9?
-30566
a31c0a (base 13) to base 7
44216010
Convert 1b0987 (base 12) to base 3.
220022010211
Convert -431224443 (base 5) to base 14.
-3556c7
Convert 4468746 (base 10) to base 9.
8360863
1e8c03 (base 15) to base 4
11231223210
-4313344 (base 6) to base 9
-352761
1a4367 (base 11) to base 10
313221
Convert -8663286 (base 10) to base 15.
-b61d76
Convert -400310042 (base 6) to base 4.
-121232101022
-1013331000 (base 4) to base 11
-191478
Convert 1305000 (base 6) to base 14.
1bc80
Convert 1751e (base 16) to base 4.
113110132
What is 870b58 (base 16) in bas